3*u + 288. Let d be 1*(-3)/4*b. Calculate the highest common factor of d and 12.
12
Suppose 4*l + 28 = s + 3*s, -s - 4*l = 3. Suppose 0 = 3*y - 3*b + 3, s*y = y + 2*b + 2. Suppose 89 = y*v + 9. Calculate the highest common divisor of v and 20.
20
Let n be 52 - (-25)/(-5) - 5. What is the greatest common divisor of n and 42?
42
Let p(u) = -3*u**3 - 3*u**2 + 2*u - 2. Let h be p(2). Let s = h + 54. What is the highest common divisor of s and 5?
5
Let f(l) be the first derivative of -11*l**2/2 - l + 1. Let b be f(-2). What is the greatest common factor of 210 and b?
21
Let q = 60 + -49. Calculate the greatest common divisor of 22 and q.
11
Let x(q) = q**2 + 1. Let r(d) = -5*d**2 - d - 9. Let i(w) = r(w) + 6*x(w). Let v be i(-4). What is the highest common factor of v and 153?
17
Let q = -170 - -332. Calculate the highest common divisor of q and 18.
18
Let c be 2 + -2 - 35/(-1). Suppose -6*d = -d - c. Calculate the highest common divisor of 1 and d.
1
Let p(b) = -b**3 + 9*b**2 - 3*b - 6. Let c be p(6). Suppose 3*n - c = -12. Calculate the greatest common divisor of 24 and n.
24
Suppose -3*h = -r - 166, -2*h - 2*r = -15 - 85. What is the greatest common divisor of 6 and h?
6
Suppose -2*m = -0*m - 6. Suppose m*p - 20 = p. Calculate the greatest common divisor of p and 10.
10
Suppose 8*i - 16*i = -480. What is the greatest common factor of 20 and i?
20
Let t = 8 + -2. Suppose -t*c + 4*c = -220. Calculate the highest common divisor of 10 and c.
10
Suppose 2*v + v = 3*z - 201, z - 65 = -v. Calculate the highest common divisor of z and 33.
33
Let b(g) = -g. Let y be b(-2). Suppose -20 = -2*r + i, 4*i + i = y*r - 20. Calculate the greatest common divisor of r and 110.
10
Let l = -269 - -445. Suppose h = 5*h - l. Calculate the greatest common factor of h and 4.
4
Let l(p) = -p + 2. Let i be l(0). Let n = i + 0. Calculate the greatest common divisor of 2 and n.
2
Let r = 5 - 14. Let q = -7 - r. Let g be (q/((-2)/(-99)))/1. What is the highest common divisor of 9 and g?
9
Let o be (-6)/(-6) - 6/(-2). Let l be (-20)/6*18/o. Let j be (-213)/l + 2/(-10). What is the greatest common factor of j and 7?
7
Suppose -20 = 5*w, 4*w + 79 = 4*h - 21. Let c = h - 58. Let f = c - -85. What is the highest common divisor of 12 and f?
12
Suppose 5*j = -113 + 453. Let m = j + -28. What is the greatest common divisor of m and 5?
5
Suppose 5*o + 3*a = -34, o + 4*a = -22 + 5. Let c = -9 - o. Let k be (-264)/(-10) - c/(-10). What is the greatest common factor of k and 13?
13
Suppose 5*o - 3*h - 70 = 7, 2*o = -3*h + 14. Let x = 60 - 34. What is the highest common divisor of x and o?
13
Suppose 2*s - 5*t - 37 = 0, -15 = -2*s + 2*t + 7. Calculate the greatest common divisor of s and 42.
6
Let k(g) = g - 4. Let p be k(0). Let d(q) = -2*q**2 - 4*q - 6. Let n be d(p). Let b = n + 37. What is the highest common divisor of b and 10?
5
Let v(h) be the second derivative of -2*h**3/3 - 3*h**2 + h. Let p be v(-4). Suppose 2*n - 60 = -0*n. What is the highest common divisor of p and n?
10
Suppose -4*u + 2*j = -116, 20 = 2*u + 3*j - 22. Let r = 14 + -5. What is the highest common divisor of u and r?
9
Suppose 2*v = -3*u + 150, v - 35 = -2*u + 64. Calculate the highest common divisor of 6 and u.
6
Let x = 6 + -13. Let g be -1 + (-3 - 0)*x. Suppose 0 = -5*o + 2 + 38. Calculate the greatest common divisor of g and o.
4
Suppose k = 3*m + 40, -3*m - 90 = 2*m + 3*k. Let a = -10 - m. Suppose -g - 4*b + 50 = -9*b, 0 = 3*g + 4*b - 131. What is the highest common divisor of g and a?
5
Let i(p) = -p**3 - 2*p**2 + 1. Let d be i(-1). Suppose -q = -d*q. Suppose q*u - 45 = -5*u. What is the greatest common factor of 9 and u?
9
Suppose 0 - 132 = -4*o. Calculate the highest common divisor of 11 and o.
11
Let a(p) = 3*p**2 + 3*p - 5. Let j be a(-3). What is the highest common factor of 13 and j?
13
Let s = -1 + 3. Let g = -11 - 1. Let t be ((-20)/s)/(6/g). Calculate the greatest common factor of 10 and t.
10
Let f = -51 + 72. Let y be 6798/f - (-4)/14. Suppose -4*u + 300 = u - 5*s, -5*u = 3*s - y. Calculate the highest common divisor of 9 and u.
9
Let c(x) = 7*x + 1. Let v be c(4). Suppose 4 = 3*f - v. What is the greatest common factor of 11 and f?
11
Suppose 0 = -5*c - 10, 2*h + 3*h - 44 = 2*c. Let m(l) = l**2 - 5*l - 10. Let r be m(h). What is the highest common divisor of 98 and r?
14
Let o be (-6)/(-18) - 238/3. Let x = 285 - 116. Let t = o + x. What is the greatest common divisor of t and 10?
10
Let r be (-2)/(-2)*-1*-2. Suppose -4*n - 2*i + 62 = 4, r*i - 10 = 0. Suppose -q + 0*q = -12. What is the highest common divisor of n and q?
12
Let x be -1 + -1 - (-60 - 2). Suppose k + 5*h - 49 = 0, -2*k + 37 = -3*h + 4. Calculate the greatest common divisor of x and k.
12
Let g = -81 - -146. Let b be 3*(-1 + (-2)/(-6)). Let t be (-2 - b) + (-26)/(-2). Calculate the greatest common factor of g and t.
13
Let i = -11 + 13. Let f(n) = 4*n**3 - n**2 - n. Let j be f(i). What is the greatest common divisor of j and 234?
26
Let s(d) = d**2 + 10*d + 4. Let i be s(9). What is the highest common divisor of 25 and i?
25
Let c = 8 - 3. Suppose -c*t + 44 = -36. What is the highest common divisor of 144 and t?
16
Let f be ((-7)/(-14))/(2/28). What is the highest common factor of f and 77?
7
Let m(l) = l**2 + 5*l - 2. Let s be m(-6). Calculate the greatest common divisor of 4 and s.
4
Suppose -5*c + 54 = -u - 171, 195 = 5*c + 5*u. Suppose -t = t - 22. What is the highest common factor of c and t?
11
Let w = -28 + 45. Calculate the highest common divisor of w and 51.
17
Suppose y = 2*m - 21 - 4, -3*m - 4*y = -54. Calculate the greatest common factor of 42 and m.
14
Suppose 2*i = t + 11, -i + 0*i - 2*t - 7 = 0. Calculate the greatest common divisor of i and 2.
1
Let v be ((-5)/4)/(1/4). Let c = -2 - v. Suppose -45 = -3*f - 4*m, c*m + 43 = 5*f - m. Calculate the greatest common divisor of 99 and f.
11
Suppose 5*u - 7*u + p = -11, u - 4 = 2*p. Calculate the highest common divisor of u and 6.
6
Suppose w - 3 - 3 = 0. Let z = 136 + -94. Calculate the highest common divisor of z and w.
6
Suppose 0 = 3*v - 2*k - 1 + 4, -4*v + 4*k = 0. Let z = -2 - v. Suppose -14*l + 124 + 30 = 0. What is the highest common divisor of l and z?
1
Let d = -9 + 18. Suppose -y + d = -15. What is the greatest common factor of 168 and y?
24
Let t be (-5)/(-15) + (-1168)/(-6). Suppose 59 - t = -n. What is the highest common factor of 17 and n?
17
Let u be ((-30)/(-25))/((-6)/20). Let w be (-1)/(-4) - 3/u. Let v = 2 + w. What is the greatest common factor of 21 and v?
3
Let t be 34/4 + 1/2. Let s be 6/3*t/2. Calculate the greatest common divisor of 3 and s.
3
Let z = 111 + -90. What is the highest common factor of 7 and z?
7
Suppose -5*x - 34 = 4*i, 3*x - 5*x - i - 13 = 0. Let a(p) = 3*p - 9. Let o be a(7). Let h = o - x. What is the greatest common divisor of 18 and h?
18
Let d(q) = 2*q**2 + 13*q + 2. Let f be d(-8). Let b = -23 + f. Calculate the highest common factor of b and 3.
3
Let b(g) = g**2 + 4*g - 8. Let z be b(-6). What is the greatest common factor of 40 and z?
4
Suppose 0 = -0*c - 3*c + 12. Suppose 24 - c = 4*k. Suppose k*d - 218 = 82. What is the highest common factor of d and 12?
12
Let f = -23 + 37. Calculate the highest common factor of 126 and f.
14
Let q(j) = -5*j + 3*j**2 + 1 + 3 + 1 + j. Let c be q(5). What is the highest common divisor of c and 24?
12
Suppose 14*p + 36 = 11*p. Let q = p - -3. Let v = 23 + q. Calculate the greatest common factor of v and 14.
14
Let s = 38 + -32. What is the highest common divisor of 30 and s?
6
Let a = 66 - 46. Calculate the highest common factor of a and 20.
20
Suppose 0 = -8*h - 4*h + 2916. What is the greatest common factor of h and 27?
27
Let p = -71 + 101. Suppose -3*l + p = 2*l. Calculate the highest common factor of l and 9.
3
Suppose -4*h - 3*f = -47, 0*f = f - 5. Let j = 99 - 12. Let p = j + -47. Calculate the greatest common divisor of p and h.
8
Suppose -2*j = -3*j + 32. Suppose 0 = x - 3*x + j. Let u = 51 - x. Calculate the highest common divisor of u and 14.
7
Suppose 5*v = 5*u - 5, 0*v = -4*v - 2*u + 14. Suppose v + 4 = 3*z. Let d = 4 - z. What is the highest common factor of 16 and d?
2
Let p be (3 - -1)/((-10)/(-35)). What is the greatest common divisor of 2 and p?
2
Let r = -7 - -7. Sup